{"id":75,"date":"2019-03-01T21:30:24","date_gmt":"2019-03-01T20:30:24","guid":{"rendered":"https:\/\/kampfkunstschule-wuppertal.de\/iaido\/?page_id=75"},"modified":"2019-04-08T11:03:05","modified_gmt":"2019-04-08T09:03:05","slug":"martin-suelz-vita","status":"publish","type":"page","link":"https:\/\/kampfkunstschule-wuppertal.de\/iaido\/martin-suelz-vita\/","title":{"rendered":"Martin S\u00fclz &#8211; Vita"},"content":{"rendered":"\n<div class=\"wp-block-image\"><figure class=\"alignright\"><a href=\"https:\/\/www.kampfkunstschule-wuppertal.de\/iaido\/wp-content\/uploads\/sites\/3\/2019\/03\/Martin-S\u00fclz-1.Dan-Iaido-2.jpg\"><img decoding=\"async\" loading=\"lazy\" width=\"300\" height=\"400\" src=\"https:\/\/www.kampfkunstschule-wuppertal.de\/iaido\/wp-content\/uploads\/sites\/3\/2019\/03\/Martin-S\u00fclz-1.Dan-Iaido-2.jpg\" alt=\"\" class=\"wp-image-189\" srcset=\"https:\/\/kampfkunstschule-wuppertal.de\/iaido\/wp-content\/uploads\/sites\/3\/2019\/03\/Martin-S\u00fclz-1.Dan-Iaido-2.jpg 300w, https:\/\/kampfkunstschule-wuppertal.de\/iaido\/wp-content\/uploads\/sites\/3\/2019\/03\/Martin-S\u00fclz-1.Dan-Iaido-2-225x300.jpg 225w\" sizes=\"(max-width: 300px) 100vw, 300px\" \/><\/a><figcaption> Martin S\u00fclz &#8211; 1. Dan Iaido &#8211; 6. Dan ATK &#8211; 5. Dan Jiu Jitsu &#8211; Survivalmeister<\/figcaption><\/figure><\/div>\n\n\n\n<table class=\"wp-block-table\"><tbody><tr><td>1967<\/td><td>geboren in Wuppertal&nbsp;<\/td><\/tr><tr><td>1984<\/td><td>Beginn mit Anti-Terror-Kampf (Budo Akademie Europa, BAE) unter H. Bongs&nbsp;<\/td><\/tr><tr><td>1985<\/td><td>Beginn mit Close Combat \/ Survival (BAE)&nbsp;<\/td><\/tr><tr><td>1988<\/td><td>Okt. &#8211; Dez. 1989 Fallschirmj\u00e4ger der Bundeswehr&nbsp;&nbsp;<\/td><\/tr><tr><td>1992<\/td><td>1. Meistergrad \/ Dan ATK &nbsp;unter H. Bongs&nbsp;<\/td><\/tr><tr><td>&nbsp;<\/td><td>Beginn mit Ju Jutsu \/ Jiu Jitsu&nbsp;<\/td><\/tr><tr><td>&nbsp;<\/td><td>Aufnahme in das European Dan College (EDC)&nbsp;<\/td><\/tr><tr><td>&nbsp;<\/td><td>500 N im Close Combat \/ Survival&nbsp;<\/td><\/tr><tr><td>1996&nbsp;<\/td><td>2. Meistergrad \/ Dan &nbsp;ATK&nbsp;<\/td><\/tr><tr><td>1997&nbsp;<\/td><td><strong>Beginn mit Iaido im Hakushinkai D\u00fcsseldorf<\/strong> unter Frans Jahns, Klaus Stolle, Udo Schneewei\u00df &#8211; direkte Sch\u00fcler von Sagawa Sensei<\/td><\/tr><tr><td>2000&nbsp;<\/td><td>1. Dan Jiu Jitsu (Jiu Jitsu Union Nordrhein Westfalen, JJU NW ) unter J. Kohnert&nbsp;<\/td><\/tr><tr><td>2001&nbsp;<\/td><td>\u00dcbernahme der Schule von H. Bongs (gemeinsam mit K. Jacobi)&nbsp;<\/td><\/tr><tr><td>&nbsp;<\/td><td>Umwandlung der Schule in die <strong>Schule f\u00fcr Kampfkunst Wuppertal e.V.<\/strong>&nbsp;<\/td><\/tr><tr><td>&nbsp;<\/td><td><strong>Bundeslehrgang Diaib (Deutscher Iaido Bund) unter Soejima Sensei<\/strong><\/td><\/tr><tr><td>&nbsp;<\/td><td><strong>1. Dan Iaido (Muso shinden ryu) unter F. Jahns<\/strong><\/td><\/tr><tr><td>&nbsp;<\/td><td><strong>Beginn mit eigener Iaidogruppe in Wuppertal<\/strong><\/td><\/tr><tr><td>&nbsp;<\/td><td>3. Meistergrad \/ Dan ATK&nbsp;<\/td><\/tr><tr><td>&nbsp;<\/td><td>\u00dcbernahme Jiu-Jitsu Abteilung des Judo Club Wuppertal e.V.&nbsp;<\/td><\/tr><tr><td>2003<\/td><td>BUDO Camp Sri Lanka \/ Negombo&nbsp;<\/td><\/tr><tr><td>&nbsp;<\/td><td>Training und Pr\u00fcfung Kenseikan Karate<\/td><\/tr><tr><td>&nbsp;<\/td><td>Referent f\u00fcr ATK f\u00fcr die Milit\u00e4rpolizei Sri Lankas unter O. van Ellen<\/td><\/tr><tr><td>&nbsp;<\/td><td>BUDO Camp China \/ Shaolin&nbsp;<\/td><\/tr><tr><td>&nbsp;<\/td><td>Training im Wushu Guan &#8211; Shaolin \/ Henan China&nbsp;<\/td><\/tr><tr><td>2004<\/td><td>2. Dan Jiu Jitsu&nbsp;<\/td><\/tr><tr><td>2005&nbsp;<\/td><td>4. Meistergrad \/ Dan ATK&nbsp;<\/td><\/tr><tr><td>2006&nbsp;<\/td><td>3. Dan Jiu Jitsu&nbsp;<\/td><\/tr><tr><td>2008&nbsp;<\/td><td>Ernennung zum Fachwart ATK &#8211; Landesgruppe West&nbsp;<\/td><\/tr><tr><td>2009&nbsp;<\/td><td>Ausrichter des 1. ATK world seminar in Wuppertal&nbsp;&nbsp;<\/td><\/tr><tr><td>2010&nbsp;<\/td><td>4. Dan Jiu Jitsu&nbsp;<\/td><\/tr><tr><td>&nbsp;<\/td><td>BAE &nbsp;Reise nach Japan \u2013 Trainingsbesuch im Kodokan<\/td><\/tr><tr><td>&nbsp;<\/td><td>5. Meistergrad \/ Dan ATK&nbsp;<\/td><\/tr><tr><td>&nbsp;<\/td><td>BAE Nordseecamp- Referent f\u00fcr ATK, Iaido, Budo und Geschichte&nbsp;<\/td><\/tr><tr><td>2012&nbsp;<\/td><td><strong>Deutscher Kampfkunstpreis<\/strong> in der Kategorie&nbsp;<strong>Dojo des Jahres 2012<\/strong>&nbsp;<\/td><\/tr><tr><td>&nbsp;<\/td><td>Initiator des <strong>1. Wuppertaler Kampfsporttreffen<\/strong><\/td><\/tr><tr><td>2013<\/td><td>1000 N \/ Survivalmeister<\/td><\/tr><tr><td>&nbsp;<\/td><td>Initiator des <strong>2. Wuppertaler Kampfsporttreffen<\/strong><\/td><\/tr><tr><td>2014<\/td><td>5. Dan Jiu Jitsu<\/td><\/tr><tr><td>2015<\/td><td>6. Meistergrad \/ Dan ATK<\/td><\/tr><\/tbody><\/table>\n\n\n\n<p><\/p>\n\n\n\n<p><strong>Lehrer f\u00fcr:<\/strong><\/p>\n\n\n\n<p>ATK-SV<br>Jiu Jitsu<br><strong>Iaido<\/strong><br>Lehrer der Jiu Jitsu Abteilung des Judo Club Wuppertal e.V.<br>Referent f\u00fcr Selbstverteidigung, Schulprojekte SV, Budothemen<\/p>\n\n\n\n<p><strong>BAE:<\/strong><\/p>\n\n\n\n<p>Lehrerlizenz<br>Kyu-Pr\u00fcfer<br>Dan-Pr\u00fcfer<br>Lehrgangsleiter<br>Fachwart ATK &#8211; Landesgruppe West<\/p>\n\n\n\n<p><strong>JJU NW:<\/strong><\/p>\n\n\n\n<p>Kyu-Pr\u00fcferlizenz<br>Dan-Pr\u00fcferlizenz<br>Lehrgangsreferent<\/p>\n\n\n\n<p><strong>Katameisterschaft<\/strong><\/p>\n\n\n\n<p>2007: 2. Platz Kodokan goshin jutsu<br>2008: 3. Platz Kodokan goshin jutsu<\/p>\n\n\n\n<p>Div. Vorf\u00fchrungen auf Messen, Festen, Benefiz, Wettkampf- und Budoveranstaltungen.<\/p>\n","protected":false},"excerpt":{"rendered":"<p>1967 geboren in Wuppertal&nbsp; 1984 Beginn mit Anti-Terror-Kampf (Budo Akademie Europa, BAE) unter H. Bongs&nbsp; 1985 Beginn mit Close Combat \/ Survival (BAE)&nbsp; 1988 Okt. &#8211; Dez. 1989 Fallschirmj\u00e4ger der Bundeswehr&nbsp;&nbsp; 1992 1. Meistergrad \/ Dan ATK &nbsp;unter H. Bongs&nbsp; &nbsp; Beginn mit Ju Jutsu \/ Jiu Jitsu&nbsp; &nbsp; Aufnahme in das European Dan College [&hellip;]<\/p>\n","protected":false},"author":1,"featured_media":0,"parent":0,"menu_order":0,"comment_status":"closed","ping_status":"closed","template":"","meta":[],"acf":[],"_links":{"self":[{"href":"https:\/\/kampfkunstschule-wuppertal.de\/iaido\/wp-json\/wp\/v2\/pages\/75"}],"collection":[{"href":"https:\/\/kampfkunstschule-wuppertal.de\/iaido\/wp-json\/wp\/v2\/pages"}],"about":[{"href":"https:\/\/kampfkunstschule-wuppertal.de\/iaido\/wp-json\/wp\/v2\/types\/page"}],"author":[{"embeddable":true,"href":"https:\/\/kampfkunstschule-wuppertal.de\/iaido\/wp-json\/wp\/v2\/users\/1"}],"replies":[{"embeddable":true,"href":"https:\/\/kampfkunstschule-wuppertal.de\/iaido\/wp-json\/wp\/v2\/comments?post=75"}],"version-history":[{"count":6,"href":"https:\/\/kampfkunstschule-wuppertal.de\/iaido\/wp-json\/wp\/v2\/pages\/75\/revisions"}],"predecessor-version":[{"id":235,"href":"https:\/\/kampfkunstschule-wuppertal.de\/iaido\/wp-json\/wp\/v2\/pages\/75\/revisions\/235"}],"wp:attachment":[{"href":"https:\/\/kampfkunstschule-wuppertal.de\/iaido\/wp-json\/wp\/v2\/media?parent=75"}],"curies":[{"name":"wp","href":"https:\/\/api.w.org\/{rel}","templated":true}]}}