{"id":58,"date":"2019-03-01T21:27:15","date_gmt":"2019-03-01T20:27:15","guid":{"rendered":"https:\/\/kampfkunstschule-wuppertal.de\/iaido\/?page_id=58"},"modified":"2019-04-08T11:01:15","modified_gmt":"2019-04-08T09:01:15","slug":"muso-shinden-ryu","status":"publish","type":"page","link":"https:\/\/kampfkunstschule-wuppertal.de\/iaido\/muso-shinden-ryu\/","title":{"rendered":"Mus\u014d Shinden-Ry\u016b"},"content":{"rendered":"\n<p>Die Schule Mus\u014d Shinden-Ry\u016b&nbsp;(&#8220;Die im Traum von den G\u00f6ttern \u00fcberlieferte Schule\u201c) beruht auf den Lehren der&nbsp;Hayashizaki Mus\u014d-Ry\u016b&nbsp;des Hayashizaki Jinsuke Shigenobu. Nachdem Hasegawa Eishin im 17. Jahrhundert massiven Einfluss auf die Schule nahm und sie perfektionierte wurde diese bekannt unter Hasegawa Eishin-Ry\u016b&nbsp;oder auch Mus\u014d Jikiden-Ry\u016b.&nbsp;<br>Ein Sch\u00fcler Hasegawas, Omori Rokurozeamon Masamitsu, erweiterte die Schule noch um seinen eigenen Stil, die nach ihm benannte \u014cmori-Ry\u016b.<\/p>\n\n\n\n<p>Anfang des 20. Jahrhunderts wurde die Schule erneut ver\u00e4ndert. Nakajama Hakudo Hiromichi nannte seinen Stil Muso Shinden Batto Jutsu und benutzte zum ersten mal den Begriff Iaid\u014d.<\/p>\n\n\n\n<p>Muso Shinden Batto Jutsu war der Vorl\u00e4ufer der 1955 schematisierten Mus\u014d Shinden-Ry\u016b.<br>Seitei Gata wird im modernen Iaid\u014d grunds\u00e4tzlich gemeinsam mit einer entsprechenden alten Schule (Kory\u016b) gelehrt.<\/p>\n\n\n\n<p>Das bei uns praktizierte Iaid\u014d setzt sich zusammen aus:<\/p>\n\n\n\n<p><strong>Zen Nihon Kend\u014d Renmei Iaid\u014d<\/strong><br><strong>Seitei Gata (festgelegte Formen)<\/strong><\/p>\n\n\n\n<p>1. mae (Vorn)<br>2. ushiro (Hinten)<br>3. ukenagashi (Empfangen und (ab)flie\u00dfen lassen)<br>4. tsukaate (Sto\u00df mit dem Griff)<br>5. kesagiri (Schnitt entlang der kesa (Teil des Gewandes))<br>6. morotezuki (Stich mit beiden H\u00e4nden)<br>7. sanpogiri (Schnitt in drei Richtungen)<br>8. ganmenate (Sto\u00df ins Gesicht)<br>9. soetezuki (Stich mit angelegter Hand)<br>10. shihogiri (Schnitt in vier Richtungen)<br>11. sogiri (Alle Schnitte)<br>12. nukiuchi (Ziehen und schlagen)<\/p>\n\n\n\n<p><strong>Mus\u014d Shinden Ry\u016b &#8211; Kory\u016b (alte Schule)<\/strong><\/p>\n\n\n\n<p><strong>Shoden (untere Stufe) Omori Ryu<\/strong><\/p>\n\n\n\n<p>1. shohatto (beginnendes Schwert)<br>2. sato (linkes Schwert)<br>3. uto (rechtes Schwert)<br>4. atarito&nbsp;(treffendes Schwert)<br>5. inyoshintai (vor und zur\u00fcck, Yin Yang)<br>6. ryuto (flie\u00dfendes Schwert)<br>7. junto (kaishaku) (Schwertfolge (Adjutant beim Seppuku\/Entleibung))<br>8. gyakuto (umgekehrtes Schwert)<br>9. seichuto (starkes Schwert in der Mitte)<br>10. koranto (gro\u00dfe St\u00e4rke des Tigers)<br>11. nukiuchi (batto) (ziehen und schlagen)<br>12. inyoshintai kaewaza (vor und zur\u00fcck, Yin Yang Variante)<\/p>\n\n\n\n<p><strong>Chuden (mittlere Stufe) Hasegawa Eishin Ry\u016b<\/strong><\/p>\n\n\n\n<p>1. yokogumo (seitliche Wolke)<br>2. toraisuke (Fu\u00df des Tigers)<br>3. inazuma (Blitz)<br>4. ukigumo (schwebende Wolke)<br>5. yamaoroshi (Bergwind)<br>6. iwanami (Welle am Fels)<br>7. urokogaeshi (umgedrehte Fischsuppe)<br>8. namigaeshi (umschlagede Welle)<br>9. takiotoshi (Wasserfall)<br>10. nukiuchi (ziehen und schlagen)<\/p>\n\n\n\n<p><strong>Okuden (h\u00f6chste\/tiefste Stufe) Okuiai<\/strong><\/p>\n\n\n\n<p>1. &#8211; 21.<\/p>\n\n\n\n<figure><iframe loading=\"lazy\" src=\"https:\/\/www.youtube.com\/embed\/l4jHgEMzG1E\" width=\"560\" height=\"315\"><\/iframe><\/figure>\n\n\n\n<figure><iframe loading=\"lazy\" src=\"https:\/\/www.youtube.com\/embed\/6EVyn0laLkI\" width=\"560\" height=\"315\"><\/iframe><\/figure>\n\n\n\n<figure><iframe loading=\"lazy\" src=\"https:\/\/www.youtube.com\/embed\/VMAOBf8hIpw\" width=\"560\" height=\"315\"><\/iframe><\/figure>\n\n\n\n<figure><iframe loading=\"lazy\" src=\"https:\/\/www.youtube.com\/embed\/Op7vXlDNgAE\" width=\"560\" height=\"315\"><\/iframe><\/figure>\n","protected":false},"excerpt":{"rendered":"<p>Die Schule Mus\u014d Shinden-Ry\u016b&nbsp;(&#8220;Die im Traum von den G\u00f6ttern \u00fcberlieferte Schule\u201c) beruht auf den Lehren der&nbsp;Hayashizaki Mus\u014d-Ry\u016b&nbsp;des Hayashizaki Jinsuke Shigenobu. Nachdem Hasegawa Eishin im 17. Jahrhundert massiven Einfluss auf die Schule nahm und sie perfektionierte wurde diese bekannt unter Hasegawa Eishin-Ry\u016b&nbsp;oder auch Mus\u014d Jikiden-Ry\u016b.&nbsp;Ein Sch\u00fcler Hasegawas, Omori Rokurozeamon Masamitsu, erweiterte die Schule noch um seinen [&hellip;]<\/p>\n","protected":false},"author":1,"featured_media":0,"parent":0,"menu_order":0,"comment_status":"closed","ping_status":"closed","template":"","meta":[],"acf":[],"_links":{"self":[{"href":"https:\/\/kampfkunstschule-wuppertal.de\/iaido\/wp-json\/wp\/v2\/pages\/58"}],"collection":[{"href":"https:\/\/kampfkunstschule-wuppertal.de\/iaido\/wp-json\/wp\/v2\/pages"}],"about":[{"href":"https:\/\/kampfkunstschule-wuppertal.de\/iaido\/wp-json\/wp\/v2\/types\/page"}],"author":[{"embeddable":true,"href":"https:\/\/kampfkunstschule-wuppertal.de\/iaido\/wp-json\/wp\/v2\/users\/1"}],"replies":[{"embeddable":true,"href":"https:\/\/kampfkunstschule-wuppertal.de\/iaido\/wp-json\/wp\/v2\/comments?post=58"}],"version-history":[{"count":2,"href":"https:\/\/kampfkunstschule-wuppertal.de\/iaido\/wp-json\/wp\/v2\/pages\/58\/revisions"}],"predecessor-version":[{"id":228,"href":"https:\/\/kampfkunstschule-wuppertal.de\/iaido\/wp-json\/wp\/v2\/pages\/58\/revisions\/228"}],"wp:attachment":[{"href":"https:\/\/kampfkunstschule-wuppertal.de\/iaido\/wp-json\/wp\/v2\/media?parent=58"}],"curies":[{"name":"wp","href":"https:\/\/api.w.org\/{rel}","templated":true}]}}